01319541.
7, 37, 109, 5573
What are the prime factors of 1085072314?
2, 542536157
What are the prime factors of 49440862?
2, 17, 1454143
List the prime factors of 944711732.
2, 31, 283, 26921
What are the prime factors of 2575023591?
3, 7, 122620171
What are the prime factors of 1194884664?
2, 3, 49786861
What are the prime factors of 37489659?
3, 353, 35401
What are the prime factors of 22628088?
2, 3, 7, 17, 19, 139
What are the prime factors of 1034419711?
13, 199, 399853
What are the prime factors of 824952512?
2, 12889883
What are the prime factors of 1472612757?
3, 7, 11, 6374947
What are the prime factors of 1858749796?
2, 47, 210361
What are the prime factors of 4632667577?
4632667577
What are the prime factors of 430647250?
2, 5, 11, 149, 1051
List the prime factors of 206756023.
17, 61, 199379
What are the prime factors of 336875149?
13, 19, 1363867
List the prime factors of 427715434.
2, 83, 2576599
List the prime factors of 705694149.
3, 29, 2703809
What are the prime factors of 436207434?
2, 3, 13, 19, 294337
List the prime factors of 98278944.
2, 3, 19, 53881
List the prime factors of 139018510.
2, 5, 131, 106121
List the prime factors of 46846229.
19, 863, 2857
List the prime factors of 29091461.
7, 4155923
List the prime factors of 4895212270.
2, 5, 13, 317, 118787
List the prime factors of 1015014726.
2, 3, 11, 47, 12119
What are the prime factors of 452613939?
3, 5437, 27749
List the prime factors of 128734283.
59, 2181937
What are the prime factors of 1713432?
2, 3, 7, 31, 47
List the prime factors of 126253244.
2, 13, 2427947
List the prime factors of 2894418373.
7, 11, 107, 109, 293
List the prime factors of 10444130.
2, 5, 977, 1069
List the prime factors of 61693097.
37, 107, 15583
What are the prime factors of 5817741?
3, 1939247
List the prime factors of 2829934175.
5, 359, 315313
What are the prime factors of 159907267?
13, 12300559
What are the prime factors of 170863240?
2, 5, 4271581
List the prime factors of 841123828.
2, 4339, 48463
List the prime factors of 120828311.
467, 258733
What are the prime factors of 39328997?
149, 263953
What are the prime factors of 1705024?
2, 26641
What are the prime factors of 847977094?
2, 423988547
List the prime factors of 133546271.
17, 409, 19207
What are the prime factors of 310011898?
2, 7, 17, 1302571
List the prime factors of 890282807.
890282807
List the prime factors of 318504013.
29, 31, 347, 1021
List the prime factors of 201043685.
5, 227, 177131
What are the prime factors of 51581869?
271, 190339
What are the prime factors of 564423341?
17, 53, 181, 3461
What are the prime factors of 42919412?
2, 107, 100279
List the prime factors of 439455508.
2, 17, 1201, 5381
List the prime factors of 45580867.
19, 79, 30367
What are the prime factors of 1459266215?
5, 11, 19, 1396427
List the prime factors of 239518129.
239518129
What are the prime factors of 2247213928?
2, 280901741
List the prime factors of 83624954.
2, 7, 1039, 5749
What are the prime factors of 655384214?
2, 19, 307, 56179
What are the prime factors of 3293398194?
2, 3, 37, 47, 439, 719
List the prime factors of 360491239.
17, 59, 107, 3359
What are the prime factors of 241491874?
2, 13, 29, 71, 347
List the prime factors of 54668153.
1481, 36913
What are the prime factors of 364528906?
2, 7, 2357, 11047
List the prime factors of 17050687.
17050687
List the prime factors of 103146607.
103146607
List the prime factors of 144708998.
2, 7, 17, 37, 16433
List the prime factors of 1356703485.
3, 5, 7867, 11497
What are the prime factors of 103594507?
23, 4504109
What are the prime factors of 22326118?
2, 11163059
List the prime factors of 1245514177.
1245514177
What are the prime factors of 2952869?
47, 62827
List the prime factors of 8557054.
2, 11, 31, 12547
What are the prime factors of 1752751732?
2, 929, 471677
List the prime factors of 20145896.
2, 2518237
What are the prime factors of 1777169893?
23599, 75307
List the prime factors of 1051476525.
3, 5, 11, 141613
List the prime factors of 424422152.
2, 7, 11, 19, 36263
List the prime factors of 263286688.
2, 7, 1175387
List the prime factors of 17850797.
139, 167, 769
What are the prime factors of 90879258?
2, 3, 15146543
List the prime factors of 140696722.
2, 70348361
List the prime factors of 129571551.
3, 14396839
List the prime factors of 77919569.
7, 13, 43, 19913
What are the prime factors of 188504264?
2, 13, 1812541
List the prime factors of 174394153.
73, 2388961
List the prime factors of 1177997231.
37, 31837763
What are the prime factors of 78813574?
2, 7, 67, 73, 1151
What are the prime factors of 51522190?
2, 5, 227, 22697
What are the prime factors of 350889679?
7, 23, 373, 5843
What are the prime factors of 811216373?
11, 73746943
List the prime factors of 261622474.
2, 83, 1576039
List the prime factors of 22297892.
2, 5574473
What are the prime factors of 36606541?
101, 293, 1237
List the prime factors of 962153677.
29, 263, 126151
List the prime factors of 409201415.
5, 7, 11691469
List the prime factors of 56567780.
2, 5, 2828389
List the prime factors of 11264150.
2, 5, 19, 71, 167
List the prime factors of 509445860.
2, 5, 7, 11, 19, 23, 757
List the prime factors of 3831423223.
37, 4111, 25189
List the prime factors of 959458334.
2, 479729167
What are the prime factors of 134464628?
2, 17, 71, 27851
List the prime factors of 1094853078.
2, 3, 11, 541, 3407
What are the prime factors of 1016720432?
2, 7, 13, 698297
What are the prime factors of 705827216?
2, 17, 2594953
List the prime factors of 23811188.
2, 5952797
List the prime factors of 300921111.
3, 37, 73, 12379
What are the prime factors of 5843498061?
3, 15101, 128987
What are the prime factors of 549353996?
2, 137338499
What are the prime factors of 613063761?
3, 204354587
What are the prime factors of 239009101?
31, 653, 11807
What are the prime factors of 4163087773?
13, 317, 739, 1367
What are the prime factors of 3401471166?
2, 3, 12073, 46957
List the prime factors of 207999916.
2, 19, 1049, 2609
What are the prime factors of 900939835?
5, 180187967
What are the prime factors of 6626317882?
2, 61, 54314081
List the prime factors of 24836680.
2, 5, 11, 47, 1201
What are the prime factors of 862080675?
3, 5, 11494409
What are the prime factors of 115965090?
2, 3, 5, 59, 21839
What are the prime factors of 231970510?
2, 5, 173, 134087
What are the prime factors of 4318211034?
2, 3, 4549, 17579
What are the prime factors of 1065651944?
2, 7, 61, 157, 1987
What are the prime factors of 645220985?
5, 37, 641, 5441
What are the prime factors of 125834565?
3, 5, 8388971
List the prime factors of 46671017.
73, 639329
What are the prime factors of 99261029?
7, 233, 60859
List the prime factors of 93357913.
11, 771553
What are the prime factors of 352075783?
352075783
List the prime factors of 2387974430.
2, 5, 4201, 56843
What are the prime factors of 4003753267?
23, 174076229
What are the prime factors of 368867393?
37, 331, 30119
What are the prime factors of 272731912?
2, 941, 36229
List the prime factors of 139463063.
1901, 73363
List the prime factors of 1527638783.
11, 557, 249329
List the prime factors of 235089933.
3, 13, 1801, 3347
List the prime factors of 428380051.
11, 89, 39779
What are the prime factors of 422553291?
3, 3413, 41269
List the prime factors of 273691242.
2, 3, 11, 1382279
List the prime factors of 154261540.
2, 5, 7713077
List the prime factors of 54447086.
2, 27223543
List the prime factors of 345025888.
2, 37, 311, 937
What are the prime factors of 92346048?
2, 3, 53441
List the prime factors of 883403117.
47, 18795811
What are the prime factors of 207084794?
2, 7, 73, 202627
List the prime factors of 352100315.
5, 7, 10060009
List the prime factors of 618916227.
3, 5231, 39439
List the prime factors of 14507197.
14507197
List the prime factors of 1205484694.
2, 23, 26206189
What are the prime factors of 45218664?
2, 3, 628037
What are the prime factors of 1064208616?
2, 133026077
What are the prime factors of 8353189?
13, 29, 22157
List the prime factors of 956983040.
2, 5, 13, 17, 199
List the prime factors of 126470757.
3, 7, 1559, 3863
List the prime factors of 50214518.
2, 47, 619, 863
List the prime factors of 258574209.
3, 86191403
List th